{"id":622,"date":"2019-09-24T14:36:06","date_gmt":"2019-09-24T19:36:06","guid":{"rendered":"https:\/\/www.platform7x7.com\/n\/?page_id=622"},"modified":"2024-01-29T09:54:07","modified_gmt":"2024-01-29T14:54:07","slug":"politica-de-privacidad","status":"publish","type":"page","link":"https:\/\/www.platform7x7.com\/n\/politica-de-privacidad\/","title":{"rendered":"Pol\u00edtica de Privacidad"},"content":{"rendered":"<p><!-- VideographyWP Plugin Message: Automatic video embedding prevented by plugin options. --><br \/>\n[et_pb_section fb_built=&#8221;1&#8243; _builder_version=&#8221;3.29.3&#8243; background_color=&#8221;rgba(0,0,0,0.69)&#8221; background_image=&#8221;https:\/\/www.platform7x7.com\/n\/wp-content\/uploads\/2019\/08\/bg-title-noticias.jpg&#8221; background_blend=&#8221;overlay&#8221; fb_built=&#8221;1&#8243; _i=&#8221;0&#8243; _address=&#8221;0&#8243;][et_pb_row _builder_version=&#8221;3.29.3&#8243; _i=&#8221;0&#8243; _address=&#8221;0.0&#8243;][et_pb_column type=&#8221;4_4&#8243; _builder_version=&#8221;3.29.3&#8243; _i=&#8221;0&#8243; _address=&#8221;0.0.0&#8243;][et_pb_text _builder_version=&#8221;3.29.3&#8243; header_text_align=&#8221;center&#8221; header_text_color=&#8221;#ffffff&#8221; header_line_height=&#8221;1.2em&#8221; hover_enabled=&#8221;0&#8243; _i=&#8221;0&#8243; _address=&#8221;0.0.0.0&#8243;]<\/p>\n<h1>POL\u00cdTICA DE PRIVACIDAD<\/h1>\n<p>[\/et_pb_text][\/et_pb_column][\/et_pb_row][\/et_pb_section][et_pb_section fb_built=&#8221;1&#8243; _builder_version=&#8221;3.29.3&#8243; custom_padding=&#8221;0px||0px|||&#8221; fb_built=&#8221;1&#8243; _i=&#8221;1&#8243; _address=&#8221;1&#8243;][et_pb_row _builder_version=&#8221;3.29.3&#8243; _i=&#8221;0&#8243; _address=&#8221;1.0&#8243;][et_pb_column type=&#8221;4_4&#8243; _builder_version=&#8221;3.29.3&#8243; _i=&#8221;0&#8243; _address=&#8221;1.0.0&#8243;][et_pb_text _builder_version=&#8221;3.29.3&#8243; text_orientation=&#8221;justified&#8221; hover_enabled=&#8221;0&#8243; _i=&#8221;0&#8243; _address=&#8221;1.0.0.0&#8243;]<\/p>\n<p>Esta pol\u00edtica de privacidad describe c\u00f3mo OS7 GROUP y algunos afiliados de OS7 GROUP, incluyendo OS7 GROUP Latinoam\u00e9rica (juntos &#8220;OS7 GROUP&#8221;) utilizan datos personales recogidos o recibidos de los Empresarios OS7 GROUP, los clientes y los visitantes del sitio Web. En particular, esta pol\u00edtica describe c\u00f3mo podemos recoger o recibir sus datos personales, los tipos de datos personales que podemos recolectar, c\u00f3mo utilizamos, compartimos y protegemos estos datos, sus derechos y c\u00f3mo puede contactarnos acerca de nuestras pr\u00e1cticas de privacidad. Definiciones: Empresario OS7 GROUP: Tambi\u00e9n se conoce como \u201cOS7 GROUP\u201d por sus siglas en ingl\u00e9s hace referencia a una persona que ha firmado un Contrato de Empresario OS7 GROUP y que ha sido aceptado por OS7 GROUP para actuar como tal. Un Empresario OS7 GROUP es un contratista independiente que comercializa Productos OS7 GROUP bajo su propio nombre, por su propia cuenta y riesgo para la reventa de los mismos. No es un representante comercial, empleado, agente o corredor de OS7 GROUP. Cliente: Una persona que compra productos OS7 GROUP pero no ha firmado un contrato de Empresario OS7 GROUP. Visitante: Una persona que no inicia sesi\u00f3n como Empresario OS7 GROUP o cliente sino que simplemente visita el sitio Web. L\u00ednea de Auspicio: Consiste en la l\u00ednea que forman todos los Empresarios OS7 GROUP nombrados en l\u00ednea ascendente y descendente del Empresario OS7 GROUP e incluye el Auspiciador del Empresario OS7 GROUP, el Auspiciador de su Auspiciador, y as\u00ed hasta llegar a OS7 GROUP.<\/p>\n<p><strong>Haga clic en los siguientes enlaces para ir directamente a la secci\u00f3n correspondiente:<\/strong><\/p>\n<p>C\u00f3mo podemos recoger o recibir datos personales suyos.<br \/> Tipos de datos personales que podemos recolectar.<br \/> C\u00f3mo utilizamos los datos personales que recopilamos.<br \/> C\u00f3mo podemos compartir los datos personales.<br \/> Transferencias internacionales de datos.<br \/> C\u00f3mo protegemos los datos personales.<br \/> Enlaces a otros sitios Web.<br \/> Actualizaciones a esta pol\u00edtica de privacidad<br \/> Sus derechos.<br \/> C\u00f3mo ponerse en contacto con nosotros.<\/p>\n<p><strong>C\u00f3mo podemos recoger o recibir sus datos personales. Inscripci\u00f3n. OS7 GROUP recopila sus datos personales a trav\u00e9s del formulario de inscripci\u00f3n que usted<\/strong><\/p>\n<p>completa y nos env\u00eda en papel o electr\u00f3nicamente a trav\u00e9s del sitio Web de OS7 GROUP (el &#8220;sitio Web&#8221;) para convertirse en un usuario o a trav\u00e9s de la informaci\u00f3n proporcionada para comprar productos como Cliente. Inici\u00f3 sesi\u00f3n como usuario o Cliente. Si ha iniciado sesi\u00f3n en el sitio Web como un usuario o Cliente podemos recolectar datos personales suyos, por ejemplo, cuando pide productos o servicios. Cookies. Si ha iniciado sesi\u00f3n en el sitio Web, tambi\u00e9n podemos utilizar cookies o tecnolog\u00edas similares que recogen cierta informaci\u00f3n de uso del sitio Web al acceder, ver y utilizar el sitio Web. Una cookie es un archivo de datos que se coloca en un computador o dispositivo m\u00f3vil cuando se utilizan para visitar sitios Web. Las cookies pueden utilizarse para muchos fines, incluso para hacer un seguimiento de las preferencias del usuario y las p\u00e1ginas web visitadas mientras utiliza sitios Web. Puede desactivar las cookies en la configuraci\u00f3n del navegador (por ejemplo, bajo las caracter\u00edsticas de &#8220;Preferencias&#8221; u &#8220;Opciones de Internet&#8221; del navegador).<br \/><a href=\"https:\/\/norgerx.com\/cialis-soft-norge.html\">https:\/\/norgerx.com\/cialis-soft-norge.html<\/a><br \/>\n<br \/> Sin embargo, tenga en cuenta que algunas de las caracter\u00edsticas del sitio Web pueden no funcionar correctamente si deshabilita el uso de cookies. Cont\u00e1ctenos. Tambi\u00e9n puede optar por enviarnos sus datos personales y otra informaci\u00f3n a trav\u00e9s de diversos canales de comunicaci\u00f3n proporcionados en la p\u00e1gina &#8220;Cont\u00e1ctenos&#8221; del sitio Web, por ejemplo, direcciones de correo electr\u00f3nico de OS7 GROUP, n\u00fameros de tel\u00e9fono o formularios online.<\/p>\n<p>Tipos de datos personales que podemos recolectar Podemos recopilar los siguientes datos personales suyos: Si es un Visitante: A trav\u00e9s de los canales de comunicaci\u00f3n disponibles en la p\u00e1gina &#8220;Cont\u00e1ctenos&#8221; del sitio Web, podemos recoger sus datos de contacto, como su nombre, direcci\u00f3n de correo electr\u00f3nico, direcci\u00f3n, n\u00famero telef\u00f3nico y fax. Tambi\u00e9n puede proporcionar voluntariamente otros datos que est\u00e9n relacionados con usted con respecto a sus preguntas o comentarios. Le recomendamos, sin embargo, que proporcione s\u00f3lo los datos personales necesarios para dar una respuesta adecuada a sus preguntas o comentarios. En particular, no proporcione datos personales que revelen el origen racial o \u00e9tnico, las opiniones pol\u00edticas, las creencias religiosas o filos\u00f3ficas, la afiliaci\u00f3n sindical o datos relativos a la salud o la vida sexual. Si est\u00e1 registrado como un usuario o Cliente, tambi\u00e9n podemos recolectar: \u00b7 Informaci\u00f3n de contacto (por ejemplo, nombre, direcci\u00f3n postal o de correo electr\u00f3nico, fax, n\u00famero m\u00f3vil y n\u00famero de tel\u00e9fono); \u00b7 usuario o informaci\u00f3n de la organizaci\u00f3n del Cliente (por ejemplo, nombre de la empresa del usuario, profesi\u00f3n y la propiedad y datos de la administraci\u00f3n); \u00b7 Sexo, edad, nacionalidad, fecha y lugar de nacimiento; \u00b7 N\u00famero de registro, nombre de usuario y contrase\u00f1a del usuario o del Cliente; \u00b7 N\u00famero de identificaci\u00f3n nacional en la medida permitida o requerida por la legislaci\u00f3n aplicable; \u00b7 Informaci\u00f3n de pago (por ejemplo, cuenta bancaria o n\u00fameros de tarjetas de cr\u00e9dito); \u00b7 Informaci\u00f3n de desempe\u00f1o del usuario o del Cliente (por ejemplo, clase, estatus, grupo y calificaciones personales bajo el plan de mercadeo y ventas de OS7 GROUP y el historial financiero o de bonos); \u00b7 Productos preferidos, h\u00e1bitos de compra, hist\u00f3rico de compras y de comportamiento de gastos; \u00b7 Preferencias de comunicaci\u00f3n; y \u00b7 Su uso del sitio Web, direcci\u00f3n IP, tipo de navegador y sistema operativo, pa\u00eds y en algunos casos, posici\u00f3n GPS.<\/p>\n<p>C\u00f3mo utilizamos los datos personales que recopilamos Si usted es un Visitante, utilizamos sus datos personales para: \u00b7 usuariordar sus comentarios o consultas; \u00b7 Mejorar el sitio Web, incluyendo mejorar la experiencia del usuario y diagnosticar problemas con nuestros servidores; \u00b7 Procesar sus pedidos de productos o servicios; \u00b7 Rastrear y almacenar todas las actividades del sitio durante la exploraci\u00f3n del sitio para mejorar la experiencia del servicio al cliente. Si est\u00e1 registrado como un usuario o cliente, tambi\u00e9n podemos utilizar la informaci\u00f3n que obtengamos sobre usted para: \u00b7 Administrar su inscripci\u00f3n como usuario o Cliente; \u00b7 Crear y administrar su cuenta en l\u00ednea y responder a sus preguntas; \u00b7 Procesar sus pedidos de productos o servicios; \u00b7 Comunicarnos con usted mediante campa\u00f1as de CRM a trav\u00e9s de correo electr\u00f3nico, SMS, o cualquier otro canal que OS7 GROUP decida utilizar. (por ejemplo, sobre productos o servicios que ofrecemos o tenemos la intenci\u00f3n de ofrecer); \u00b7 Operar, evaluar y mejorar nuestro negocio, incluso mediante: o La evaluaci\u00f3n de su satisfacci\u00f3n con nuestras comunicaciones, materiales, productos y\/o servicios actuales; o El desarrollo de nuevos productos y servicios y la determinaci\u00f3n de la eficacia de nuestra publicidad; y o El seguimiento y el an\u00e1lisis del uso de los productos, materiales y servicios; \u00b7 Realizar un seguimiento, documentar y analizar su l\u00ednea de auspicio; \u00b7 Evaluar su rendimiento bajo su contrato usuario o acuerdo de registro de miembro con nosotros; \u00b7 Proporcionarle informaci\u00f3n de desempe\u00f1o (por ejemplo, informaci\u00f3n sobre su l\u00ednea de auspicio, vol\u00famenes de compras, bonos ganados, niveles de premios, su usuario o miembro referente y su usuario o organizaci\u00f3n miembro de l\u00ednea ascendente bajo el Plan de ventas y mercadeo de OS7 GROUP); \u00b7 Proporcionar su nombre, direcci\u00f3n, n\u00famero de tel\u00e9fono o direcci\u00f3n de correo a usuario o miembros de su l\u00ednea ascendente y su usuario u organizaci\u00f3n miembro de l\u00ednea descendente; \u00b7 Facilitar el uso del sitio Web mediante la utilizaci\u00f3n de cookies (por ejemplo, para ofrecer la funcionalidad de canasta de compras, para recordar los detalles de inicio de sesi\u00f3n y las preferencias de idioma, etc.); \u00b7 Mejorar el sitio Web, incluyendo seguimiento y la supervisi\u00f3n del uso del sitio Web mediante el uso de cookies y el diagn\u00f3stico de problemas con el software o hardware que utilizamos; \u00b7 Realizar actividades de contabilidad, auditor\u00eda, facturaci\u00f3n y cobranza; \u00b7 Hacer cumplir las condiciones y t\u00e9rminos contractuales; \u00b7 Protegerse y prevenir el fraude, las transacciones no autorizadas, las reclamaciones y otras obligaciones; y \u00b7 Cumplir con los requisitos legales aplicables, los est\u00e1ndares de la industria y nuestras pol\u00edticas. \u00b7 Rastrear y almacenar todas las actividades del sitio durante la exploraci\u00f3n del sitio para mejorar la experiencia de servicio al cliente.<\/p>\n<p>C\u00f3mo podemos compartir los datos personales OS7 GROUP no vende, alquila o comercia los datos personales. OS7 GROUP puede compartir sus datos personales s\u00f3lo con: \u00b7 Entidades dentro del grupo de OS7 GROUP a quienes es razonablemente necesario o deseable para OS7 GROUP suministrarles los datos personales; \u00b7 Proveedores de servicios de terceros para prestarnos servicios, como proveedores de servicios de tecnolog\u00eda (a estos proveedores de servicios de terceros no se les permite usar sus datos personales para sus propios fines); \u00b7 Los usuario\/Miembros de la organizaci\u00f3n en l\u00ednea ascendente o l\u00ednea descendente, para permitir la comunicaci\u00f3n en relaci\u00f3n con el asesoramiento de producto, asesoramiento de pedidos e informaci\u00f3n para los productos que usted le pide a OS7 GROUP; y \u00b7 Las autoridades gubernamentales u otros terceros, si se requiere por ley o es razonablemente necesario para proteger los derechos, la propiedad y la seguridad de los dem\u00e1s o de nosotros mismos.<\/p>\n<p>Transferencias internacionales de datos Podemos transferir los datos personales que recopilamos sobre usted a los afiliados de OS7 GROUP en pa\u00edses distintos del pa\u00eds en el que los datos fueron originalmente recogidos siempre y cuando estos pa\u00edses brinden al menos el mismo nivel de protecci\u00f3n de datos. Cuando transferimos datos personales a las entidades de OS7 GROUP en otros pa\u00edses, protegemos los datos tal como se describe en esta pol\u00edtica de privacidad y de conformidad con la legislaci\u00f3n del pa\u00eds de origen de la informaci\u00f3n.<\/p>\n<p>C\u00f3mo protegemos los datos personales Mantenemos salvaguardias de seguridad t\u00e9cnicas y organizativas adecuadas destinadas a proteger los datos personales contra la destrucci\u00f3n accidental, ilegal o no autorizada, p\u00e9rdida, alteraci\u00f3n, acceso, divulgaci\u00f3n o uso.<\/p>\n<p>Enlaces a otros sitios Web El sitio Web puede contener enlaces a sitios Web mantenidos por terceros, cuya informaci\u00f3n y pr\u00e1cticas de privacidad son diferentes a las nuestras. No somos responsables de las pr\u00e1cticas de informaci\u00f3n o privacidad empleadas por terceros. Le animamos a leer las declaraciones de privacidad de todos los sitios Web de terceros antes de utilizar dichos sitios Web o enviar datos personales o cualquier otra informaci\u00f3n en o a trav\u00e9s de dichos sitios Web.<\/p>\n<p>Actualizaciones a esta pol\u00edtica de privacidad OS7 GROUP puede actualizar esta pol\u00edtica de privacidad de tiempo en tiempo. Le notificaremos de cambios significativos en esta pol\u00edtica de privacidad en las p\u00e1ginas pertinentes de OS7 GROUP, en publicaciones oficiales de OS7 GROUP, o a trav\u00e9s de otros canales de comunicaci\u00f3n adecuados. Todos los cambios entrar\u00e1n en vigor a partir de la fecha de publicaci\u00f3n, salvo que se disponga algo distinto en la notificaci\u00f3n.<\/p>\n<p>Sus derechos Sus derechos bajo la ley aplicable pueden incluir el acceso a los datos personales que procesamos, el derecho a tener dichos datos corregidos, borrados o bloqueados, y el derecho de oponerse a determinadas actividades de procesamiento de datos. Para ejercer estos derechos, debe hacer una solicitud por escrito utilizando nuestros datos de contacto que figuran a continuaci\u00f3n.<\/p>\n<p>C\u00f3mo ponerse en contacto con nosotros Si tiene comentarios o preguntas sobre esta pol\u00edtica de privacidad, si desea actualizar la informaci\u00f3n que tenemos sobre usted, o para ejercer sus derechos, puede comunicarse con nosotros por correo electr\u00f3nico en info@platform7x7.com<\/p>\n<p>[\/et_pb_text][\/et_pb_column][\/et_pb_row][\/et_pb_section]<\/p>\n","protected":false},"excerpt":{"rendered":"<p>POL\u00cdTICA DE PRIVACIDADEsta pol\u00edtica de privacidad describe c\u00f3mo OS7 GROUP y algunos afiliados de OS7 GROUP, incluyendo OS7 GROUP Latinoam\u00e9rica (juntos &#8220;OS7 GROUP&#8221;) utilizan datos personales recogidos o recibidos de los Empresarios OS7 GROUP, los clientes y los visitantes del sitio Web. En particular, esta pol\u00edtica describe c\u00f3mo podemos recoger o recibir sus datos personales, [&hellip;]<\/p>\n","protected":false},"author":1,"featured_media":0,"parent":0,"menu_order":0,"comment_status":"closed","ping_status":"closed","template":"","meta":{"_et_pb_use_builder":"on","_et_pb_old_content":"","_et_gb_content_width":"","_joinchat":[],"footnotes":""},"class_list":["post-622","page","type-page","status-publish","hentry"],"_links":{"self":[{"href":"https:\/\/www.platform7x7.com\/n\/wp-json\/wp\/v2\/pages\/622","targetHints":{"allow":["GET"]}}],"collection":[{"href":"https:\/\/www.platform7x7.com\/n\/wp-json\/wp\/v2\/pages"}],"about":[{"href":"https:\/\/www.platform7x7.com\/n\/wp-json\/wp\/v2\/types\/page"}],"author":[{"embeddable":true,"href":"https:\/\/www.platform7x7.com\/n\/wp-json\/wp\/v2\/users\/1"}],"replies":[{"embeddable":true,"href":"https:\/\/www.platform7x7.com\/n\/wp-json\/wp\/v2\/comments?post=622"}],"version-history":[{"count":0,"href":"https:\/\/www.platform7x7.com\/n\/wp-json\/wp\/v2\/pages\/622\/revisions"}],"wp:attachment":[{"href":"https:\/\/www.platform7x7.com\/n\/wp-json\/wp\/v2\/media?parent=622"}],"curies":[{"name":"wp","href":"https:\/\/api.w.org\/{rel}","templated":true}]}}